493.
477
Calculate the greatest common factor of 4082 and 1867762.
26
What is the greatest common factor of 84212 and 733636?
148
What is the greatest common divisor of 230 and 56379670?
230
What is the greatest common divisor of 82493191 and 55?
11
What is the highest common divisor of 3470791 and 4348?
1087
What is the highest common divisor of 258 and 28774396?
86
Calculate the highest common factor of 469054 and 40.
2
What is the highest common factor of 1275615 and 34360?
4295
What is the greatest common divisor of 274773270 and 60?
30
Calculate the greatest common divisor of 51 and 4076651.
17
What is the highest common factor of 2754 and 1352384?
34
Calculate the highest common factor of 9911678 and 174.
58
What is the greatest common divisor of 373037 and 5341?
49
Calculate the greatest common factor of 36 and 183627117.
9
Calculate the highest common divisor of 1880 and 92855080.
1880
Calculate the greatest common factor of 558487 and 688154.
1021
Calculate the greatest common factor of 5115 and 5051667.
93
Calculate the greatest common factor of 20196 and 179618175.
5049
Calculate the highest common divisor of 496188627 and 99.
33
Calculate the highest common factor of 2044 and 13098244.
292
Calculate the greatest common divisor of 918335 and 1888.
59
What is the highest common divisor of 5878807 and 152207?
1507
What is the greatest common divisor of 36720 and 13778640?
2160
Calculate the highest common factor of 1025464 and 6233.
271
What is the highest common divisor of 2009526387 and 66?
33
Calculate the greatest common factor of 2616 and 11617220.
436
Calculate the highest common factor of 866090 and 270.
10
Calculate the highest common factor of 945 and 4654440.
315
Calculate the greatest common divisor of 186 and 835603233.
93
Calculate the highest common factor of 205 and 66492529.
41
What is the greatest common divisor of 369587 and 3404?
23
Calculate the highest common factor of 8802 and 227124.
54
What is the highest common divisor of 11580 and 8445?
15
What is the highest common divisor of 644424273 and 1161?
387
What is the greatest common divisor of 4396734776 and 116?
116
Calculate the highest common divisor of 1014797 and 25984.
203
Calculate the greatest common divisor of 44075304 and 1798.
62
Calculate the highest common divisor of 9297 and 4454296.
1033
What is the highest common factor of 4987025 and 1900?
475
Calculate the highest common divisor of 7268450 and 150.
50
Calculate the highest common divisor of 6008 and 49976797.
751
What is the greatest common factor of 207255 and 3260475?
5055
What is the highest common divisor of 1568920 and 3965?
305
Calculate the highest common factor of 744 and 6358614.
6
Calculate the highest common divisor of 165 and 53883060.
165
Calculate the highest common factor of 9968 and 8489176.
712
What is the greatest common divisor of 105194 and 8582136?
706
Calculate the highest common divisor of 432624 and 12888.
24
Calculate the greatest common factor of 9004050 and 1315800.
7650
What is the highest common factor of 2576486 and 2739?
913
What is the greatest common factor of 202904 and 10712?
104
Calculate the greatest common factor of 1014284 and 215.
43
What is the highest common divisor of 687306 and 378?
6
Calculate the greatest common divisor of 4573194 and 1974.
282
What is the highest common factor of 175605 and 411585?
345
Calculate the highest common factor of 579437 and 404.
101
Calculate the greatest common divisor of 753 and 8176325.
251
Calculate the highest common factor of 101687 and 768487.
1667
Calculate the greatest common divisor of 10288 and 7262042.
1286
Calculate the highest common divisor of 5213727 and 408444.
1011
What is the highest common factor of 150868952 and 404?
404
What is the highest common divisor of 505 and 33419587?
101
What is the greatest common divisor of 120 and 20358440?
40
What is the greatest common factor of 266112 and 37552?
16
Calculate the highest common divisor of 304 and 635404080.
304
Calculate the greatest common factor of 115873100 and 700.
700
What is the greatest common factor of 121367 and 11?
1
Calculate the greatest common divisor of 32148 and 6142947.
2679
What is the highest common factor of 22528 and 186120?
88
Calculate the highest common divisor of 3215 and 1316864.
643
Calculate the greatest common factor of 17363 and 186876.
179
Calculate the greatest common divisor of 5609987 and 549.
61
Calculate the greatest common divisor of 678 and 67618974.
678
Calculate the greatest common divisor of 12426359 and 1408.
11
Calculate the greatest common divisor of 25650 and 59930750.
950
Calculate the highest common factor of 3466289 and 9153605.
9293
What is the greatest common divisor of 4046 and 402472?
14
What is the highest common divisor of 1133 and 6101106?
11
What is the highest common divisor of 33481 and 21719603?
4783
Calculate the highest common factor of 2960 and 4043545.
185
What is the highest common factor of 26603802 and 14841?
873
What is the highest common factor of 1800 and 7326225?
225
Calculate the greatest common divisor of 362309459 and 10898.
5449
Calculate the greatest common factor of 26 and 189015346.
26
Calculate the greatest common divisor of 46936206 and 30.
6
What is the highest common factor of 47965907 and 1837?
1837
Calculate the greatest common divisor of 5910402 and 578.
2
What is the greatest common factor of 3193722 and 4018?
98
Calculate the highest common divisor of 395410 and 30.
10
What is the highest common factor of 526 and 679667218?
526
What is the highest common factor of 20339 and 2706936?
1849
Calculate the greatest common divisor of 840 and 517235040.
840
Calculate the highest common divisor of 2662488 and 603.
9
What is the highest common divisor of 2807972 and 44?
4
Calculate the highest common divisor of 4680 and 4995120.
1560
Calculate the greatest common factor of 206519455 and 152.
19
What is the greatest common divisor of 10044 and 222588?
324
Calculate the greatest common factor of 31806 and 7380018.
1026
What is the greatest common divisor of 849371040 and 108?
36
What is the highest common factor of 30 and 17548740?
30
Calculate the highest common divisor of 3036 and 4835094.
66
What is the greatest common divisor of 14327286 and 66?
6
What is the highest common factor of 180 and 1020525?
15
What is the greatest common divisor of 46501567 and 30037?
4291
Calculate the highest common divisor of 180404 and 21148.
68
Calculate the greatest common divisor of 623348 and 154.
22
Calculate the greatest common divisor of 2075428 and 19091.
17
Calculate the highest common divisor of 21833508 and 380.
76
What is the greatest common divisor of 29138861 and 236?
59
What is the highest common divisor of 79294 and 434067?
41
What is the highest common factor of 490724 and 166270?
26
Calculate the greatest common divisor of 29920 and 170980832.
5984
What is the highest common divisor of 94 and 442392?
2
Calculate the highest common divisor of 1219632 and 9.
3
Calculate the highest common factor of 7230 and 68068040.
2410
What is the highest common divisor of 2451302 and 145859?
2177
Calculate the highest common divisor of 600 and 370820.
20
What is the greatest common divisor of 87 and 907065654?
87
Calculate the highest common factor of 5156 and 14016586.
2578
Calculate the greatest common divisor of 17296791 and 124.
31
What is the greatest common factor of 105360 and 25462?
878
What is the greatest common divisor of 171667 and 2354753?
3239
What is the greatest common factor of 4535 and 275085?
5
What is the greatest common factor of 719296 and 5888?
64
What is the greatest common divisor of 4244888 and 512?
8
What is the greatest common factor of 6167264 and 10912?
992
What is the greatest common factor of 24 and 7749468?
12
Calculate the highest common divisor of 11738782 and 66.
22
Calculate the highest common factor of 9337536 and 14848.
1856
Calculate the greatest common divisor of 1759342 and 779662.
4082
Calculate the greatest common factor of 11114268 and 132.
132
What is the greatest common factor of 8541 and 84123?
117
What is the greatest common divisor of 60918 and 2211?
33
What is the greatest common divisor of 16906308 and 156?
12
What is the highest common fa